of d.
2
What are the prime factors of (31 + -1)*30/25?
2, 3
Let y be (6/(-4) + 0)*-2. Suppose -j - n + 3*n = -8, -y*n = -6. List the prime factors of j.
2, 3
Let i(h) = -2*h**2 - 3*h - 3. Let g be i(-2). Let a(l) = l**3 + 4*l**2 - 4*l + 5. Let r be a(g). Suppose 0 = 2*v - r*v - 10. What are the prime factors of v?
5
Let t(l) be the first derivative of 2*l**3/3 + l**2/2 - 3*l - 1. What are the prime factors of t(-3)?
2, 3
Let u = -5 - -5. Suppose -q = -u*q - 13. What are the prime factors of q?
13
Let p = 1 - -2. Suppose 3*w + 30 = 4*h + 7, -2*w = -3*h + 16. Suppose -6 = -p*c, -2*b + 4*b - h*c = 10. What are the prime factors of b?
7
Let m = 60 - 14. Suppose -4*j - 3*q = -92, -j + m = j + 2*q. List the prime factors of j.
23
Let m be (-4)/(-10) + 102/(-30). Let t = 4 + m. List the prime factors of (5/t - 1)*1.
2
Suppose 5*r = 3*r - 72. Let v = 60 + r. What are the prime factors of v?
2, 3
Let h(w) be the third derivative of 0 - 3*w**2 + 7/24*w**4 + 0*w + 0*w**3. What are the prime factors of h(1)?
7
Let q(k) = 7*k**2 - 6*k - 1. Let t be q(-3). What are the prime factors of (-2 - t)/(2 + -4)?
41
Suppose 0 = 7*v - 1688 - 1049. List the prime factors of v.
17, 23
Let u = 144 + 53. What are the prime factors of u?
197
List the prime factors of ((-996)/(-16))/3 + (-3)/4.
2, 5
Suppose -3*n - 2 - 162 = -2*u, 0 = u - n - 83. List the prime factors of u.
5, 17
Suppose -q + 1 = -2*j - 0, 3*j = q - 1. Suppose j = -5*v - 2*f - f + 26, -2*v = -2*f - 4. Suppose 5*n - m - 7 = 0, v = 2*m - 2. What are the prime factors of n?
2
Suppose 3*h = k + 47, -4*k + 42 = 2*h - 2*k. What are the prime factors of h?
17
Suppose -2*s - 70 = -436. What are the prime factors of s?
3, 61
Suppose 3*c - 4*y - 302 = 0, -2*c - 30 = 3*y - 237. List the prime factors of c.
2, 3, 17
Let m(z) be the second derivative of -z**5/20 + z**4/4 + z**3/2 - z**2/2 - 3*z. List the prime factors of m(2).
3
Let u(w) = -w**2 + 6*w - 6. Let x be (-2)/(0 + (-3)/6). List the prime factors of u(x).
2
Let f be -1 - -39 - (-2)/(-2). Suppose -3*u - f = -4*b, -2*u = b + 4*b - 29. What are the prime factors of b?
7
What are the prime factors of 0 - ((-4 - 39) + 4)?
3, 13
Let o(s) = -s**2 - s - 1. Let u(h) = 6*h**2 + 6*h + 7. Let y(p) = 5*o(p) + u(p). Let j be y(-7). Let z = -26 + j. What are the prime factors of z?
2, 3
Suppose -10 + 4 = -3*s. What are the prime factors of (-5 + s)/(1/(-17))?
3, 17
Suppose 568 = -s + 3*s. Suppose -5*x + 4*c = -s, -2*x + 0*c = -2*c - 112. Suppose -5*h = -h - x. List the prime factors of h.
3, 5
Suppose -5*k + 20 = -2*s - k, 0 = -5*s - 4*k - 64. Let j = -20 - -12. Let a = j - s. List the prime factors of a.
2
Let i = 26 + -36. Let u(y) = -4*y**2 + y**2 - 3 + 4*y**2 - 2 + 9*y. List the prime factors of u(i).
5
Let r(t) = -5 + 7*t + 6*t**2 - t**3 + 3*t - 2*t. Let l be 732/108 - (-2)/9. What are the prime factors of r(l)?
2
Let y = 103 + -71. Suppose -y = o - 5*o. What are the prime factors of o?
2
Suppose 3*k + k = 120. List the prime factors of k.
2, 3, 5
Let l = -3 - -6. Suppose -45 = l*g - 0*g. Let a = -10 - g. What are the prime factors of a?
5
Let z(r) = 2*r**2 - 4. Let m be z(3). List the prime factors of 2/4*m/1.
7
Let n(m) = -9*m + 4. Let j be n(-5). Let g = j + -27. List the prime factors of g.
2, 11
Let a = 4 + -10. Let v be (-9)/a*8/3. What are the prime factors of (2 - 0) + v*1?
2, 3
Let t be (-60)/(-9) - 2/(-6). Suppose -15 = -t*l + 2*l. Let k = 5 + l. List the prime factors of k.
2
Let c = -1 - 0. Suppose 5*b - 13 = -4*v, v - 2*b - 6 = -19. Let q = c - v. What are the prime factors of q?
2
Let l(k) = 2*k**3 - k**2 + 2. Let r(t) = -t**3 + 4*t**2 + 4*t + 7. Let o be r(5). List the prime factors of l(o).
2, 7
Let j be ((-3)/2)/((-12)/32). Suppose -j*s = -t - 151, -5*s - t - 32 = -214. List the prime factors of s.
37
Suppose 3*a = 2*a + 2. Suppose 5*d + 54 = -4*j, -d + a*j - 6*j + 2 = 0. What are the prime factors of 6/(-12)*d/1?
7
Let g(k) = 15*k**3 + 2*k**2 - 1. Let t be g(-1). Let r = 24 + t. What are the prime factors of r?
2, 5
Suppose 12 = -3*t - 4*m, 0*m - 3*m = 9. List the prime factors of 1 + 10 + -1 + t.
2, 5
Let y(k) = -k**3 - 3*k**2 - k + 3. Let c be y(-3). Suppose -u = 3*j - 9 - 4, -3*u - 5*j + 23 = 0. Let x = c - u. What are the prime factors of x?
5
Let l(n) be the first derivative of n**3/3 + 5*n**2/2 - 5*n - 2. Let p be l(-7). Suppose -60 = -p*k + 4*k. List the prime factors of k.
2, 3
Let w(l) = -2*l - 6. Let r(b) be the first derivative of b**2/2 + b + 1. Let s be r(-8). What are the prime factors of w(s)?
2
Let o(b) = -3*b + 3*b + 1 - b. Let z be o(5). Let k = z + 10. What are the prime factors of k?
2, 3
List the prime factors of ((-804)/9)/(10/(-15)).
2, 67
List the prime factors of 9/12 + 2068/16.
2, 5, 13
Let z = 33 + -61. Let x = -2 - z. Suppose -19 = -5*w + x. List the prime factors of w.
3
Suppose 0*s - 4*s = -12. Suppose -151 + 7 = -s*o. Suppose -2*a + 29 = f, 5*a - o = -2*f + 22. What are the prime factors of a?
2, 3
What are the prime factors of (-6760)/(-56) + 5/((-35)/(-2))?
11
Suppose u + 2*w - w = 185, 5*u = 4*w + 970. What are the prime factors of u?
2, 5, 19
Suppose -244 = 19*b - 21*b. List the prime factors of b.
2, 61
Suppose g = 5*n - 10, 0 = 3*n + g - 4 - 2. Suppose -n*j = -6 - 6. List the prime factors of j*(0 + (-4)/(-6)).
2
Suppose 0 = 4*r - 8, -3*j + 17 = 4*r - 3*r. Suppose -p + j*p = 36. Suppose 2*z - 3*z - q + 10 = 0, 0 = -3*z + 4*q + p. What are the prime factors of z?
7
Suppose -2*l + 0 = -8. Let x = 16 - l. What are the prime factors of x?
2, 3
Let v be (-4)/(-3)*15/10. List the prime factors of (v - -4)*(2 + 1).
2, 3
Suppose 2*l + 220 = 6*l. Suppose -o - 2*s - 2*s = 7, l = 5*o + 2*s. List the prime factors of o.
13
Suppose r + 172 = 5*r. What are the prime factors of r?
43
Suppose -w + 18 = w. List the prime factors of w*(3 - -1 - 2).
2, 3
Suppose -13*g + 6*g + 1407 = 0. List the prime factors of g.
3, 67
Let i(x) = -13*x**2 + 2*x + 1. Let s be i(-1). Let j(p) = -p**2 - 17*p - 21. List the prime factors of j(s).
3, 7
Suppose -5*h - 2*q + 40 = -6*q, -2*h = -3*q - 9. Let m be 1 - 4/2 - 2. What are the prime factors of ((-3)/h - m)*4?
11
Let o(m) = m**2 - 18*m - 19. Let p be o(17). Let y = 70 + p. List the prime factors of y.
2, 17
Suppose -3*l + 4*z + 5 + 13 = 0, -4*l = 4*z - 52. Suppose -g + 3 = -l. List the prime factors of g.
13
Let f = 2 + 2. Suppose f*d - 5 + 1 = 0. Let n(a) = 8*a**3 - a**2 + 1. List the prime factors of n(d).
2
Let q(d) = -d**3 - 4*d**2 - 2*d + 3. Let c be q(-3). Let b(r) = 1 + r + c + 0. List the prime factors of b(5).
2, 3
Let u(x) = -1. Let a(c) = -c - 8. Let f(l) = -a(l) + 6*u(l). Let d be f(-5). List the prime factors of (-1 + 4*-1)*d.
3, 5
Suppose -4*q - q = 0. Suppose 0 = 3*b - q*b - 81. List the prime factors of b.
3
Let l(r) = r - 4. Let a be l(4). Let x be -3*(a + 2 - 9). Suppose 3*b - 2 = 2*c, c - x + 8 = -2*b. List the prime factors of c.
5
Let n be (-8)/36 - (-58)/18. Suppose n*t - 4 = 77. What are the prime factors of t?
3
What are the prime factors of 834/11 - 6/(-33)?
2, 19
Let y = -7 - -147. What are the prime factors of y?
2, 5, 7
Let f(l) = l**2 + 5*l + 6. Let j = -8 + 2. What are the prime factors of f(j)?
2, 3
Suppose -4 = 4*z, -3*n + 9*z = 6*z - 1224. What are the prime factors of n?
11, 37
Let u = -6 + 23. Suppose 3*j + u = 2*j. Let h = j + 27. List the prime factors of h.
2, 5
Let n(x) = x**3 - 34*x**2 + 5*x - 45. List the prime factors of n(34).
5
What are the prime factors of -1 + (2 - 4) + 7?
2
Let a = 2 + -26. Let z = -11 - a. List the prime factors of z.
13
Let y(x) = -x**3 - 2*x**2 + 2. Let r be y(-2). Suppose -r*b = -38 + 8. What are the prime factors of b?
3, 5
What are the prime factors of 2*116*(5 + -9 + 5)?
2, 29
Let r(l) = 4*l - 6. Let j be r(8). Let o = j - 12. List the prime factors of o.
2, 7
Suppose -4*b = 3*s - 2*b - 6, -s = 5*b + 11. Let l(z) = 1 + 5*z + 2*z - 6*z. What are the prime factors of l(s)?
5
Suppose -5*o + 6*z = 3*z - 33, 2*z = 3*o - 19. Let j(r) = 2*r**2 - 11*r - 12. Let b be j(o). Suppose b = t + 2*t. What are the prime factors of t?
17
Suppose -6*p + 3*g = -p - 12, 5*p - 17 = -2*g. Suppose -p + 0 = u. Let o = 8 - u. List the prime factors of o.
11
Let d(i) = -8*i + 23. List the prime factors of d(-17).
3, 53
Let b(m) = -3*m - 2. What are 